3?
9
Suppose 4*z - 2*z + 26 = 0. Let y(b) = 4*b + 6 - 13*b**2 + 0*b - 5*b - b**3. What is the remainder when 35 is divided by y(z)?
16
Let k(d) = 14*d + 66. Calculate the remainder when 18 is divided by k(-4).
8
Suppose 0 = -5*v + 48 + 7. Suppose 151*p - 150 = 146*p. Calculate the remainder when p is divided by v.
8
Suppose -44*w = -459 - 1169. What is the remainder when 286 is divided by w?
27
Suppose 3*h - 4 = -49. Let w = h + 9. What is the remainder when (-1088)/(-24) - (-2)/w is divided by 12?
9
Suppose -2*u - 4*v + 66 + 10 = 0, -u + 3*v = -33. Suppose 5*f = 2*o + 60, 3*o - u = -5*f + 2*f. What is the remainder when 23 is divided by f?
11
Suppose 13*z - 714 = -142. Calculate the remainder when z is divided by 23.
21
Let t(c) = 16*c - 131. Let y(x) be the first derivative of -x**3/3 + 13*x**2/2 - 5*x - 1. Calculate the remainder when y(8) is divided by t(9).
9
Let t(m) = -m**2 + 7*m + 1. Suppose -108 = -6*x + 2*x. What is the remainder when x is divided by t(6)?
6
Let m = -1813 - -3458. Calculate the remainder when m is divided by 16.
13
Let h = 23 + 15. What is the remainder when h is divided by 7 + 0 - 28/(-7)?
5
What is the remainder when 170 is divided by (-12 + 5 - 2)*-1?
8
Let b = 20 - 6. Let v = b + -58. What is the remainder when 510/22 - (-8)/v is divided by 13?
10
Let y = 21 + -12. What is the remainder when 6*(-34)/(-4)*1 is divided by (-2)/(-6) + 114/y?
12
Suppose 5*b - 8*b + 12 = 0. Calculate the remainder when 22 is divided by 6/b*(-128)/(-24).
6
Let y(c) = 4*c**3 - 6. Let k be y(4). Suppose 23*s = 28*s - k. Suppose 10*r - s = 5*r. Calculate the remainder when 18 is divided by r.
8
Suppose 0*c = 2*v + 3*c - 22, -58 = -4*v + c. Calculate the remainder when v is divided by 2.
0
What is the remainder when ((-90)/45)/((-6)/81) is divided by (-33)/(-5) + (-2)/(-5)?
6
Let y(x) = 16*x - 221. What is the remainder when y(24) is divided by 51?
10
Let j be 9 - 3/((-6)/4). Let t = 15 - j. Let c = -2034 + 2035. What is the remainder when t is divided by c?
0
Let m(x) = 13*x**2 - 10*x - 5. Calculate the remainder when m(5) is divided by 69.
63
Suppose -l - 2 = -4*r - 4, 2*r - 2 = -l. Suppose 3*z - 69 = -r*z. What is the remainder when z is divided by 12?
11
Let f = 512 - 498. What is the remainder when 907 is divided by f?
11
Let u(b) = 2*b**3 + 1 + 2*b**2 + 1 + 4*b - 8*b. Suppose -4*n - i + 49 = 4*i, i = -3*n + 45. Calculate the remainder when u(3) is divided by n.
14
Let c(v) = -v**2 + v + 2. Let j be c(0). Suppose 5*f = j*f + 3. Suppose -q - o = 3 - 1, 0 = -4*q + 4*o + 24. What is the remainder when q is divided by f?
0
Suppose -14*c = 4*i - 15*c - 359, -4*c + 94 = i. Calculate the remainder when i is divided by 40.
10
Let w(c) = c**3 - 5*c**2 - c + 6. Let g be (-17)/(-3) - (36/(-27) - -1). What is the remainder when 177 is divided by w(g)?
33
Let p(q) = -q - 19. Let r be p(-18). Calculate the remainder when 1/(r/177*-3) is divided by 21.
17
Suppose -37*c - 100 = -42*c. Suppose 0 = r - 3*t - 31, -4*r + 5*t = -c - 83. Let f = -60 - -103. Calculate the remainder when f is divided by r.
21
Let r = 112 - 80. Let j(g) = -3*g**2 + 52*g + 41. What is the remainder when r is divided by j(18)?
2
Suppose -z + 2*b - 2 = 0, 6*b - 3*b + 63 = -4*z. Calculate the remainder when 26 is divided by z/90*5 - 58/(-6).
8
Suppose 0 = -4*l + 5*i + 80, 0*l + 33 = 3*l + 3*i. What is the remainder when 18 is divided by l?
3
Let h = 184 - 135. Calculate the remainder when h is divided by 23.
3
Suppose -114 = -3*h - 0*h. What is the remainder when (-10)/(-30)*(-1)/(1/(-216)) is divided by h?
34
Suppose -10*j + 287 = -7*j + 2*a, j - 91 = -3*a. Calculate the remainder when 773 is divided by j.
94
Suppose -16*f = -95 - 129. Calculate the remainder when 500 is divided by f.
10
Let o(h) be the second derivative of h**3/2 + h**2/2 + 17*h. Let w be 4/(-10) + 37/5. Calculate the remainder when 63 is divided by o(w).
19
What is the remainder when 17 is divided by ((-2)/(-12))/(56/672)?
1
Let f = -6 - -6. Let s be 1*(f + -1 - -4). Suppose 7 = s*m - 11. What is the remainder when 9 is divided by m?
3
Suppose -3*m + 9 + 7 = 5*u, -m = 5*u - 22. What is the remainder when (3 + 23/(-7))/((-1)/42) is divided by u?
2
Suppose c = -4*m + 2107, 36*c - 34*c - 2633 = -5*m. Calculate the remainder when m is divided by 53.
50
Let c(v) = 3 + 0*v - 8 + v**2 - 2*v. Let o be c(4). Calculate the remainder when 30 is divided by (-4)/o*(7 + -13).
6
Suppose 20 = 4*g, -4*g - 60 = 4*b + 36. Let r = b - -34. Suppose r*y = -0*y + 60. What is the remainder when 57 is divided by y?
9
Suppose g - 4*g = 5*x + 90, -3*x = -4*g - 149. Let h be (-704)/(-7) - 15/g. What is the remainder when (-2)/3 + h/3 is divided by 12?
9
What is the remainder when 121 is divided by ((-10)/6)/((-35)/525)?
21
Let p(g) be the first derivative of 55*g**3/3 + g**2/2 + 1. Suppose t = 19*t - 342. What is the remainder when p(-1) is divided by t?
16
Suppose -o = -n - 87, -n + 223 = 3*o - 34. Calculate the remainder when o is divided by 55.
31
Let q = -3206 - -3218. Calculate the remainder when ((-6)/(-8))/(3/156) is divided by q.
3
Suppose 0 = -2*k - g + 33, -2*k = 3*k + 5*g - 90. Let c(u) = 73*u**3 - u + 1. What is the remainder when c(1) is divided by k?
13
Suppose 0 = -2*c - 3*k + 14, 2*c + 2*k = 3 + 15. Suppose 5*s = 4*b - 308, 0 = -2*s - 3*s. What is the remainder when b is divided by c?
12
Let z(d) = -4*d - 5 + 3*d + 19. Let f be z(9). Suppose 43 + 7 = f*b. What is the remainder when 18 is divided by b?
8
Let p be (10/30)/((-1)/6). Let y(g) be the second derivative of 7*g**4/12 - g**3/6 - g**2/2 + 14*g. What is the remainder when y(p) is divided by 8?
5
Calculate the remainder when (423/6)/((-3)/30*-5) is divided by 36.
33
Let i = -37 + 25. Calculate the remainder when (-894)/(-9)*(-18)/i is divided by 38.
35
Let l(p) be the third derivative of -p**6/120 - 2*p**5/15 - p**4/8 - 7*p**3/6 + 4*p**2. Let i = -405 + 489. Calculate the remainder when i is divided by l(-8).
16
Suppose 0 = 3*m + 2*l - 1859 + 418, 5*l - 1429 = -3*m. Suppose 0 = 3*u + 9 - m. Calculate the remainder when u is divided by 32.
30
Let r = 14 + -14. What is the remainder when 108 is divided by (r - 74)/(16/(-8))?
34
Let c(u) = 24*u - 14. Suppose 7*j - 2*j - 35 = -5*y, 2*y = 4*j + 14. Suppose -9*w + y*w + 40 = 0. Calculate the remainder when c(3) is divided by w.
18
Let b = -10 - -14. Let u = 3 - b. What is the remainder when 28 is divided by 15/(-3 - u - -3)?
13
Suppose 5*h - 3*j + 68 = -488, 2*h + 3*j = -235. Let o = -112 - h. Calculate the remainder when 6 is divided by o.
0
Suppose 5 = 5*d - 10. Let s(h) = 6*h**2 - 3*h - 2. What is the remainder when 3 + d + (4 - -99) is divided by s(-2)?
25
Let s(o) = 9*o + 126. Calculate the remainder when 79 is divided by s(-11).
25
Let h = 1039 - 1003. Calculate the remainder when 1043 is divided by h.
35
Suppose 20*p - 243 = -7*p. Calculate the remainder when 323 is divided by p.
8
Let f(q) = 179*q**2 - 3*q + 3. Let n be f(1). Let x = n + -46. Calculate the remainder when x is divided by 34.
31
Suppose 0 = -5*h + 25, 3*i = 5*i + h - 21. Let u(t) = 2*t**2 - 7*t + 4. Calculate the remainder when u(7) is divided by i.
5
Suppose -18*k + 9*k + 45 = 0. Let j(y) = -3*y + 2. What is the remainder when j(-5) is divided by k?
2
Let y = -692 - -762. Calculate the remainder when 909 is divided by y.
69
Let i(y) = -y**3 + 6*y**2 - 6*y + 7. Let o be (-26)/(-6) + (-4)/(-6). Let w be i(o). Suppose -w*n - 3 = -13. Calculate the remainder when 13 is divided by n.
3
Let x(l) = l**2 - 7*l - 177. Let y be 0 + -1 + 0 + 1. Let j(w) = w**3 - w**2 - w + 13. What is the remainder when x(19) is divided by j(y)?
12
Let d = -28 - -27. Suppose 0 = -2*u - 2*u + 100. What is the remainder when 44 + d + 2 + 1 is divided by u?
21
Let d = -16 - -15. Let n = 9 + d. Let w(a) = 13*a**2 + a - 1. Calculate the remainder when w(1) is divided by n.
5
Suppose 12 = -4*n + 4*j, -j - 37 = 4*n - 0*j. What is the remainder when 68 is divided by (-66)/n + 2 - 25/100?
8
Let l(y) = y**3 - 12*y**2 + 4*y - 8. Calculate the remainder when 111 is divided by l(12).
31
Let x(m) be the second derivative of 3*m**5/20 + m**3/6 - m**2 - 10*m. Calculate the remainder when 94 is divided by x(2).
22
Suppose -6*h = -4*h - 5*k + 32, -8 = -2*k. What is the remainder when 17 is